 of 835130?
3
What is the hundred thousands digit of 11215404?
2
What is the tens digit of 1007491?
9
What is the thousands digit of 1784136?
4
What is the ten thousands digit of 2415393?
1
What is the millions digit of 1291183?
1
What is the thousands digit of 1003926?
3
What is the hundred thousands digit of 511407?
5
What is the ten thousands digit of 117387?
1
What is the hundred thousands digit of 9263735?
2
What is the hundred thousands digit of 1221609?
2
What is the tens digit of 151524?
2
What is the tens digit of 1914350?
5
What is the units digit of 760126?
6
What is the thousands digit of 2538540?
8
What is the units digit of 11812252?
2
What is the hundred thousands digit of 1036892?
0
What is the ten thousands digit of 160643?
6
What is the tens digit of 3554331?
3
What is the hundred thousands digit of 2621805?
6
What is the millions digit of 4735684?
4
What is the hundreds digit of 440071?
0
What is the tens digit of 13088?
8
What is the units digit of 436884?
4
What is the units digit of 1700828?
8
What is the hundred thousands digit of 2435487?
4
What is the millions digit of 1109264?
1
What is the ten thousands digit of 26195606?
9
What is the hundreds digit of 1424855?
8
What is the units digit of 271555?
5
What is the thousands digit of 6410565?
0
What is the tens digit of 32680236?
3
What is the ten millions digit of 16299654?
1
What is the millions digit of 11038588?
1
What is the hundreds digit of 620?
6
What is the units digit of 2088713?
3
What is the millions digit of 3508439?
3
What is the thousands digit of 128496?
8
What is the thousands digit of 16506985?
6
What is the thousands digit of 388928?
8
What is the units digit of 2165906?
6
What is the thousands digit of 304562?
4
What is the units digit of 2883013?
3
What is the hundred thousands digit of 5416044?
4
What is the units digit of 1154187?
7
What is the millions digit of 2573497?
2
What is the units digit of 63385?
5
What is the thousands digit of 1407224?
7
What is the ten thousands digit of 710149?
1
What is the tens digit of 161769?
6
What is the tens digit of 6408361?
6
What is the thousands digit of 371781?
1
What is the thousands digit of 170165?
0
What is the tens digit of 2868849?
4
What is the thousands digit of 620758?
0
What is the thousands digit of 711346?
1
What is the units digit of 1421641?
1
What is the ten thousands digit of 395565?
9
What is the ten thousands digit of 1426001?
2
What is the tens digit of 17043834?
3
What is the thousands digit of 6978?
6
What is the hundreds digit of 643512?
5
What is the hundred thousands digit of 11790785?
7
What is the thousands digit of 219228?
9
What is the ten thousands digit of 480094?
8
What is the units digit of 2030663?
3
What is the units digit of 1708515?
5
What is the thousands digit of 1991456?
1
What is the units digit of 10280394?
4
What is the millions digit of 5359712?
5
What is the ten thousands digit of 192825?
9
What is the hundred thousands digit of 6012524?
0
What is the units digit of 1901688?
8
What is the units digit of 30205086?
6
What is the hundreds digit of 570860?
8
What is the ten thousands digit of 895495?
9
What is the units digit of 111915?
5
What is the tens digit of 384650?
5
What is the units digit of 1044222?
2
What is the ten thousands digit of 1369149?
6
What is the thousands digit of 638772?
8
What is the ten thousands digit of 380014?
8
What is the millions digit of 9832334?
9
What is the hundred thousands digit of 679435?
6
What is the hundreds digit of 381432?
4
What is the hundreds digit of 143149?
1
What is the millions digit of 2065759?
2
What is the millions digit of 1320887?
1
What is the hundred thousands digit of 655528?
6
What is the ten thousands digit of 2483367?
8
What is the units digit of 748832?
2
What is the units digit of 1457894?
4
What is the ten thousands digit of 10384193?
8
What is the ten thousands digit of 1416500?
1
What is the thousands digit of 1986590?
6
What is the hundred thousands digit of 6731019?
7
What is the millions digit of 20703858?
0
What is the units digit of 688170?
0
What is the tens digit of 191477?
7
What is the units digit of 69534?
4
What is the hundred thousands digit of 134796?
1
What is the ten thousands digit of 130062?
3
What is the hundreds digit of 4188481?
4
What is the hundreds digit of 668773?
7
What is the hundreds digit of 7447594?
5
What is the units digit of 137427?
7
What is the thousands digit of 327150?
7
What is the units digit of 8349?
9
What is the ten thousands digit of 139205?
3
What is the units digit of 1259126?
6
What is the units digit of 8031843?
3
What is the tens digit of 2997604?
0
What is the tens digit of 219216?
1
What is the hundreds digit of 20469202?
2
What is the tens digit of 9147735?
3
What is the hundreds digit of 306146?
1
What is the units digit of 3865056?
6
What is the hundreds digit of 283421?
4
What is the units digit of 1108967?
7
What is the thousands digit of 131986?
1
What is the ten thousands digit of 2174380?
7
What is the tens digit of 9922205?
0
What is the ten thousands digit of 310806?
1
What is the tens digit of 2011386?
8
What is the hundred thousands digit of 285649?
2
What is the ten thousands digit of 140007?
4
What is the ten thousands digit of 73244?
7
What is the tens digit of 256349?
4
What is the hundreds digit of 9038683?
6
What is the hundred thousands digit of 327727?
3
What is the units digit of 13229272?
2
What is the ten thousands digit of 84561?
8
What is the hundreds digit of 8060748?
7
What is the units digit of 51398?
8
What is the hundreds digit of 3280789?
7
What is the thousands digit of 1010842?
0
What is the ten thousands digit of 583468?
8
What is the tens digit of 40625082?
8
What is the ten thousands digit of 275781?
7
What is the hundreds digit of 7475168?
1
What is the thousands digit of 471886?
1
What is the tens digit of 15825397?
9
What is the tens digit of 416767?
6
What is the ten thousands digit of 4583578?
8
What is the hundreds digit of 342326?
3
What is the ten thousands digit of 11331211?
3
What is the tens digit of 4838956?
5
What is the ten thousands digit of 6884585?
8
What is the millions digit of 1216660?
1
What is the hundreds digit of 282052?
0
What is the thousands digit of 17429794?
9
What is the millions digit of 24462882?
4
What is the thousands digit of 1536853?
6
What is the hundreds digit of 8376053?
0
What is the units digit of 925237?
7
What is the tens digit of 14835501?
0
What is the hundreds digit of 19308603?
6
What is the millions digit of 4577084?
4
What is the hundred thousands digit of 4943071?
9
What is the millions digit of 2075475?
2
What is the tens digit of 1210315?
1
What is the tens digit of 325258?
5
What is the thousands digit of 4904103?
4
What is the thousands digit of 3828741?
8
What is the hundred thousands digit of 676575?
6
What is the tens digit of 117781?
8
What is the hundreds digit of 3594837?
8
What is the hundred thousands digit of 4630711?
6
What is the tens digit of 380299?
9
What is the ten thousands digit of 2365001?
6
What is the millions digit of 1505953?
1
What is the ten thousands digit of 445149?
4
What is the hundreds digit of 665678?
6
What is the ten thousands digit of 3623369?
2
What is the ten thousands digit of 6904278?
0
What is the ten millions digit of 16870091?
1
What is the thousands digit of 1481694?
1
What is the hundreds digit of 2693?
6
What is the ten thousands digit of 1219655?
1
What is the thousands digit of 3291964?
1
What is the thousands digit of 210762?
0
What is the hundred thousands digit of 184533?
1
What is the hundred thousands digit of 14081062?
0
What is the hundreds digit of 32563?
5
What is the units digit of 837426?
6
What is the units digit of 1836153?
3
What is the units digit of 2302347?
7
What is the units digit of 2005711?
1
What is the ten thousands digit of 204939?
0
What is the thousands digit of 140127?
0
What is the ten thousands digit of 5832988?
3
What is the hundred thousands digit of 18805032?
8
What is the hundreds digit of 12886074?
0
What is the thousands digit of 1912003?
2
What is the units digit of 1100366?
6
What is the thousands digit of 94081?
4
What is the tens digit of 1409391?
9
What is the hundred thousan